**5/15 + 5*o**4/24 + 31*o**3/6 + 156*o**2. Let f be a(17). What is the greatest common factor of f and 45?
45
Let v(x) = -x**3 - 10*x**2 + 64*x - 442. Let l be v(-20). What is the greatest common factor of 134 and l?
134
Suppose 0 = 28*c - 23*c - 150. Let o = c - 47. Let n = o - -27. Calculate the greatest common factor of n and 1.
1
Let c be (-4327)/(-37) - 0 - (-1072)/19832. What is the greatest common divisor of 7917 and c?
39
Let y = 26 - 21. Let o(d) be the second derivative of d**4/12 + 5*d**3/6 + 5*d**2/2 + d - 22. Let q be o(y). Calculate the highest common divisor of q and 440.
55
Let m(o) = -160*o + 163*o + 29 - o**2 + 0*o**2. Let b be m(8). Let x = b + 27. Calculate the highest common factor of 176 and x.
16
Let c be 1/(-5) + 0 + (-5964)/(-20). Let b = -210 + c. Calculate the highest common divisor of b and 33.
11
Let z = 744 - 630. Suppose z = 19*r - 57. Calculate the greatest common factor of 72 and r.
9
Let x be 9/(-153) + 28575/255. What is the highest common factor of 32 and x?
16
Suppose -65*k + 66 = -62*k. What is the highest common factor of 1661 and k?
11
Suppose 2*z - 10*r + 5*r - 20 = 0, -2*r = 8. Let i(p) = p**2 - 14*p + 23. Let h be i(z). What is the greatest common divisor of 184 and h?
23
Let t(r) = 42. Let p(w) = w + 41. Let o(q) = 6*p(q) - 5*t(q). Let l be o(-4). Let s be 3/(6/148) - 2. Calculate the greatest common divisor of s and l.
12
Let s(z) = -z**2 + z + 19. Suppose 0 = 3*n + 15, -27 = 3*v + v + 3*n. Let g be s(v). Calculate the greatest common factor of g and 497.
7
Suppose 15 = 14*d - 10*d - 5*b, 0 = -5*d + 10*b. Suppose -680 = -4*j - 0*j. Calculate the highest common divisor of j and d.
10
Suppose -a - 14 + 15 = -b, 3*a + 1 = 5*b. Suppose a*r - 52 = m, -r + 4*m - 64 = -6*r. Calculate the highest common factor of r and 40.
8
Let j be 2750/15 - (-2)/(-6). Let q = j - 121. Let t = -96 - -127. Calculate the greatest common factor of q and t.
31
Suppose 0 = -2*y - 8. Let r(i) = -2 + 3*i**2 - 6 - 2 + 4 + 5*i. Let t be r(y). Calculate the highest common divisor of 242 and t.
22
Let y be (-14)/(-3) - (-6)/18. Suppose y*z + 23 = 68. Suppose 3*t - 6*t = -z. Calculate the highest common divisor of t and 3.
3
Suppose 12*s + 13 = 61. Suppose 7*l + 2662 = 5*d + 4*l, -2*l = s*d - 2134. Calculate the greatest common divisor of 41 and d.
41
Let h(x) = -x**3 + 5*x**2 - x. Suppose c + 52 = 14*c. Let p be h(c). What is the highest common factor of p and 636?
12
Suppose -4*l = 3*y - 60, -4*l + 9*y - 14*y = -60. Let i = 12 - 6. Suppose 4*r = i*r - 40. What is the highest common divisor of l and r?
5
Suppose 3*a + 5*y = 464, 314 = 2*a - 0*y + y. Let d = -272 + a. Let o = -70 - d. What is the highest common divisor of o and 11?
11
Let v be 2/14 + 3276/49. Let s = -57 + v. What is the highest common factor of 75 and s?
5
Suppose 3*z + r - 18 = 0, 3*z + 5*r - 21 = 3*r. Let a be 6*2/30 - (-108)/z. Calculate the greatest common divisor of 286 and a.
22
Let a(v) = v**3 - 10*v**2 + 14*v + 1. Let g(j) = 7*j - 40. Let l be g(7). Let s be a(l). What is the highest common factor of 46 and s?
46
Let s(f) = -29*f + 12. Let t(h) = h**3 - 22*h**2 + 22*h - 24. Let n be t(21). Let v be s(n). Calculate the greatest common divisor of v and 36.
9
Let v(l) = -l**3 - 11*l**2 - 11*l + 15. Let y be v(-10). Let q = -2035 - -2085. What is the greatest common factor of y and q?
25
Let c(g) = -4*g**3 + 22*g**2 + 6*g - 15. Let d be c(6). Let q = 14 - d. Calculate the highest common factor of q and 10.
5
Suppose -5*k = -4*k - 2. Suppose 4*n = -x - 24, k*x - 6 = n - 2*x. Let t = n - -14. What is the greatest common factor of t and 12?
4
Let z be 0/(3 - 2) - -3. Suppose 18 = 50*j - 41*j. Suppose x - 13 = j. What is the highest common divisor of z and x?
3
Let z = -56 + 301. Suppose 65 = -9*f + z. What is the greatest common factor of 24 and f?
4
Let f = -13766 - -13958. Calculate the greatest common divisor of f and 200.
8
Let x be (34 + 9)*120/(-48)*-2. Suppose 0 = w + 1 - 3. Suppose q = -w*g + 96, -q + 197 = q + 5*g. What is the highest common factor of q and x?
43
Suppose 15038201 - 15037931 = 15*k. Let g = -2 - -1. Let b be (-1)/(-1) - (-18 - g). What is the greatest common divisor of b and k?
18
Let t be (2 - -3) + (8 + -2 - 67). Let c = -89 + 36. Let u = c - t. What is the highest common factor of u and 15?
3
Let t(f) be the second derivative of f**5/20 - 19*f**4/6 - 23*f**3/6 - 21*f**2/2 + 2*f - 9. Let n be t(39). Calculate the highest common factor of 67 and n.
67
Let a be ((-2 + -4)*4)/((-2)/(-500)). Let l be (-42)/4*a/180. What is the highest common factor of l and 20?
10
Let y = 3869 - 3686. What is the greatest common divisor of 18 and y?
3
Let f = -6127 + 11080. What is the highest common factor of 39 and f?
39
Let x(m) = -204*m - 934. Let c be x(-9). What is the greatest common divisor of c and 121?
11
Let p(u) = 2*u**3 - 17*u**2 - 43*u + 60. Let l be p(11). What is the highest common divisor of l and 42?
6
Let v = -3067 - -3122. Calculate the highest common factor of 3685 and v.
55
Suppose -443*h + 960*h - 441*h - 41496 = 0. What is the highest common divisor of 33 and h?
3
Suppose 6*j + 6*j = 276. Suppose -4*z - 26 = -146. Let g be (-12)/z - 1154/(-10). Calculate the highest common divisor of j and g.
23
Suppose 0 = -y - y + 2*k + 64, -2*y = 3*k - 64. Suppose s - 5 = 35. Calculate the highest common divisor of s and y.
8
Suppose -4*q - 12473 + 37073 = 6*q. Calculate the highest common factor of 180 and q.
60
Let v = -9 + 13. Suppose 4*z - 124 = -3*y, -300 = -5*y - 3*z - 86. Calculate the greatest common factor of v and y.
4
Let l = 2919 - 1709. Calculate the greatest common divisor of 770 and l.
110
Let z(u) = 2*u**2 + 16*u + 16. Let s be 2 + (-10)/6 + (-308)/42. Let k be z(s). Suppose -k*t + 50 = 30. What is the highest common divisor of t and 20?
10
Let i = 36 + -32. Suppose 0 = -2*q + i*q. Suppose q = -l + 2 + 2, 4*y = 2*l + 36. Calculate the greatest common factor of 44 and y.
11
Let f(r) = -5*r - 18. Suppose -38*d = -33*d - 30. Suppose -i = -5*z - d, 5*z + 5 = -10. Let c be f(i). What is the highest common factor of 27 and c?
27
Suppose 0 = 6*m - 16 + 4. Let l be (-10)/((-80)/12) - (-81)/m. What is the highest common divisor of 21 and l?
21
Let q be (21 - (-144)/(-9)) + 1*3. Suppose -12*t + q*t - n = -115, n = 5*t - 137. What is the highest common divisor of t and 7?
7
Suppose -18*x = -3*y - 981, 3*x + 3*y = 4*y + 165. What is the highest common divisor of 38286 and x?
54
Let x = 10408 + -9058. What is the highest common factor of 100 and x?
50
Suppose 0 = -4*s + 44 - 168. Let g = s - 12. Let k = 55 + g. What is the highest common factor of 60 and k?
12
Let p = -70 + 70. Suppose k - 179 + 101 = p. Let v = 55 - 29. Calculate the greatest common factor of v and k.
26
Let m be 56/1092 + 1500392/312. What is the highest common divisor of 63 and m?
21
Suppose 27*j - 9*j - 1008 = 0. What is the highest common divisor of j and 1302?
14
Let i(u) = -35*u + 20. Let m be i(-4). Suppose -3*n = -2*c - 0*c - m, n + 5*c - 59 = 0. Calculate the greatest common divisor of n and 6.
6
Let v(y) = -y - 37. Let o(r) = r + 40. Let p(c) = -3*o(c) - 4*v(c). Let m be p(-19). Suppose w + 7 = 16. Calculate the highest common divisor of m and w.
9
Suppose 4*q = 16, -19*s = -22*s + q - 3259. Let x = s - -1577. Calculate the greatest common factor of 12 and x.
12
Suppose 2*r + 3*r = 285. Let j = r + -111. Let x be (j/(-45))/((-2)/(-5)). What is the greatest common factor of x and 3?
3
Suppose 20*v + v - 8804 = 331. Calculate the greatest common factor of 2900 and v.
145
Let q be ((-260)/(-16))/(2/8). Suppose -138*a - 34815 = -180*a - 591*a. Calculate the highest common divisor of a and q.
5
Suppose 5*c = -5*t + t - 806, c + 142 = 4*t. Let h = 282 + c. What is the highest common factor of 434 and h?
62
Suppose -v + 414 = 5*y - 380, -3*y + 480 = -3*v. What is the highest common divisor of y and 2491?
53
Let v = -4373 + 8353. What is the highest common factor of v and 100?
20
Suppose 0 = 20*v - 25*v + 10. Suppose d + v = z, -z + 2*d - 18 = 5*d. Let o be z/2 + 2 - (-55)/22. What is the greatest common divisor of o and 1?
1
Let m(t) be the first derivative of t**4/4 - 7*t**3 + 12*t**2 + 21*t + 195. Let z be m(20). What is the greatest common divisor of z and 1919?
101
L